- -5?
45055
In base 6, what is 31 - -5141413?
5141444
In base 11, what is 2 + 2682?
2684
In base 3, what is 100022002 - 10?
100021222
In base 7, what is 213234 + -10?
213224
In base 10, what is 49013 - -3?
49016
In base 7, what is -15046325 + 1?
-15046324
In base 4, what is 33 - -21113130?
21113223
In base 6, what is 125113 + 0?
125113
In base 12, what is 4 + 468665?
468669
In base 2, what is 100 - 1010000101001010?
-1010000101000110
In base 6, what is 1255 - 31452?
-30153
In base 8, what is -20 - 467061?
-467101
In base 13, what is 18a5 - a?
1898
In base 10, what is 166 - 2960?
-2794
In base 12, what is -44648 + 23?
-44625
In base 9, what is 70 - -311?
381
In base 3, what is -111 + 112101211?
112101100
In base 10, what is -7 - 9732?
-9739
In base 14, what is -13 + -6c51?
-6c64
In base 6, what is 245 + -12315?
-12030
In base 13, what is 4 + 824b?
8252
In base 14, what is 0 - -3258?
3258
In base 7, what is 64 - -41310?
41404
In base 5, what is -4443412 - -1?
-4443411
In base 16, what is 84 - 1f?
65
In base 9, what is 320 - -1043?
1363
In base 6, what is 1 - 12104454?
-12104453
In base 2, what is 1000011 - 10001001110?
-10000001011
In base 10, what is 15525 + -1?
15524
In base 15, what is 9977 - -2?
9979
In base 6, what is -143 + -244?
-431
In base 7, what is -15136 - -33?
-15103
In base 9, what is 2 - -1022716?
1022718
In base 5, what is 10 + -140112?
-140102
In base 15, what is -13760 + -6?
-13766
In base 16, what is -51cf1 + 4?
-51ced
In base 10, what is -5202 - 14?
-5216
In base 11, what is 12a - 1378?
-1249
In base 9, what is 174 - 312?
-127
In base 12, what is 10 + -159?
-149
In base 8, what is 11 - 227377?
-227366
In base 10, what is -1174 + 193?
-981
In base 7, what is -1 - 2501334?
-2501335
In base 7, what is -3001 - 535?
-3536
In base 12, what is 776 - -683?
1239
In base 4, what is 3011 - -231?
3302
In base 14, what is 3 + 5ad9?
5adc
In base 13, what is 7 - -208c78?
208c82
In base 8, what is -24 + 127352?
127326
In base 13, what is 4519 - -3?
451c
In base 12, what is 323ab6 - 2?
323ab4
In base 13, what is -453ab - 9?
-453b7
In base 3, what is -120 - 1010?
-1200
In base 5, what is -11324 + -124?
-12003
In base 9, what is -38008 + -1?
-38010
In base 3, what is 122 - -12211121?
12212020
In base 8, what is 73 - 36355?
-36262
In base 3, what is -1221022022 - 2?
-1221022101
In base 12, what is 12a4 + -207?
1099
In base 15, what is -81cd9 + -1?
-81cda
In base 11, what is 1 - -10925?
10926
In base 14, what is -9 - -a289?
a280
In base 5, what is 124240440 + 4?
124240444
In base 14, what is -576a4 - 3?
-576a7
In base 14, what is -ca17 - 15?
-ca2c
In base 11, what is -1 + -5a68?
-5a69
In base 7, what is -220 - -241100?
240550
In base 14, what is -6 + -4c7a?
-4c82
In base 11, what is -62 - -79?
17
In base 13, what is -202a - -3?
-2027
In base 3, what is -12112002 + -1120?
-12120122
In base 14, what is 2211d - -1?
22120
In base 12, what is 2b28 + -254?
2894
In base 8, what is 1 + -51117?
-51116
In base 6, what is 1104452 - 10?
1104442
In base 6, what is -54 - 14002?
-14100
In base 15, what is -2e - 7b2?
-7e1
In base 5, what is 3243443030 - -4?
3243443034
In base 12, what is 2 - -b7817?
b7819
In base 16, what is -435de + -f?
-435ed
In base 6, what is 50350 + 120?
50510
In base 3, what is -12 - 10100212202?
-10100212221
In base 3, what is 2011212211021 - -12?
2011212211110
In base 4, what is -22203323 - 1123?
-22211112
In base 12, what is -4 + 117ba4?
117ba0
In base 12, what is -1126 - -169?
-b79
In base 10, what is -7 + 54647?
54640
In base 5, what is -44244 + -13?
-44312
In base 6, what is -5 - 11322?
-11331
In base 10, what is 43848 - 0?
43848
In base 13, what is -781a5 - b?
-781b3
In base 11, what is -a - -11459?
1144a
In base 9, what is -3147 + 24?
-3123
In base 6, what is -52310 + -1?
-52311
In base 6, what is 343 + 10114?
10501
In base 10, what is 21 + 6082?
6103
In base 8, what is 1 + 1264044?
1264045
In base 2, what is -1011010000 - 110100111?
-10001110111
In base 2, what is 0 - -10101101100010?
10101101100010
In base 13, what is -29 + -a6cc?
-a728
In base 12, what is -14b + -3?
-152
In base 14, what is 43 - -38b4?
3917
In base 10, what is -99367 - 0?
-99367
In base 5, what is -1411 - -2304?
343
In base 13, what is 49a40 + -4?
49a39
In base 15, what is -1 - 4124?
-4125
In base 9, what is 68 - 16483?
-16414
In base 8, what is 175 - 1077?
-702
In base 4, what is -2233010313 + 2?
-2233010311
In base 15, what is -a + 1064?
1059
In base 11, what is -5529 - -16?
-5513
In base 11, what is -358 - -3144?
2897
In base 9, what is -76661 - 4?
-76665
In base 15, what is -1 - -157e?
157d
In base 16, what is -14fddd + 4?
-14fdd9
In base 6, what is -10 + 102455?
102445
In base 12, what is 63a + 227?
865
In base 6, what is -153150 + -10?
-153200
In base 2, what is 100011011110110 + -1011101?
100011010011001
In base 15, what is -3a6a - -ce?
-398b
In base 6, what is -42032 + 2?
-42030
In base 7, what is 251 + -265?
-14
In base 8, what is -2 + 427232?
427230
In base 12, what is -2a159 + 0?
-2a159
In base 15, what is c778 - 4?
c774
In base 5, what is -402143402 + 4?
-402143343
In base 4, what is -2003000302 - -1?
-2003000301
In base 12, what is 0 - 4bb?
-4bb
In base 9, what is 2 - 10243?
-10241
In base 3, what is 2 + -100020200?
-100020121
In base 6, what is 15 - -31114?
31133
In base 4, what is 31302 - 31122?
120
In base 16, what is -c3ec + -5?
-c3f1
In base 2, what is -11110010001010 - 10010?
-11110010011100
In base 6, what is 11 - 3204420?
-3204405
In base 8, what is -35721 - -3?
-35716
In base 16, what is -1 - 1e0e?
-1e0f
In base 5, what is -1140 + 430?
-210
In base 10, what is -314 - -2396?
2082
In base 2, what is 101 - -10101010111111?
10101011000100
In base 5, what is -2003 + -231432?
-233440
In base 12, what is -2a1 + 18?
-285
In base 2, what is -100010110011 + -111000100?
-101001110111
In base 6, what is -100452 - -13?
-100435
In base 13, what is -44 - -163?
11c
In base 16, what is 5 + 5068?
506d
In base 16, what is 1c - 17?
5
In base 9, what is 12 - 40476?
-40464
In base 7, what is 2444600 + 0?
2444600
In base 5, what is 34121132 - -4?
34121141
In base 5, what is -4 - -12301?
12242
In base 8, what is 7726 + 11?
7737
In base 2, what is -101111001011 + -11011?
-101111100110
In base 11, what is 29 + -299?
-270
In base 6, what is 3 + 11020221?
11020224
In base 5, what is -1232220 - -4?
-1232211
In base 5, what is 43 - 33?
10
In base 2, what is -10 + -11010011010000?
-11010011010010
In base 16, what is 13010 + -14?
12ffc
In base 11, what is -90787 - -5?
-90782
In base 5, what is 3 + 13130?
13133
In base 5, what is 310030 + -4?
310021
In base 4, what is -11 - 221231000?
-221231011
In base 6, what is -3 - -12210?
12203
In base 4, what is -112300013 - 100?
-112300113
In base 4, what is 10 - 110301031?
-110301021
In base 14, what is -3ab7 - -9c?
-3a19
In base 11, what is 17 - 1899?
-1882
In base 9, what is -14 + -558?
-573
In base 2, what is -10000000111100110001011 - 10?
-10000000111100110001101
In base 3, what is -121222222 - 2?
-122000001
In base 4, what is -3 + 111012013?
111012010
In base 8, what is 2 - 20642?
-20640
In base 12, what is 3aa577 - -1?
3aa578
In base 5, what is -244 + 10123?
4324
In base 6, what is -5 - 5134145?
-5134154
In base 5, what is 1013102 - -120?
1013222
In base 6, what is -545 + 410?
-135
In base 10, what is -9551 + -45?
-9596
In base 11, what is -4 - -7024?
7020
In base 10, what is -25570 - 28?
-25598
In base 11, what is -1319 + -10?
-1329
In base 10, what is 6887 + 9?
6896
In base 11, what is 91004 - 2?
91002
In base 3, what is -12210012 - -2?
-12210010
In base 11, what is 6623 - 2?
6621
In base 4, what is 3333 - 3033?
300
In base 5, what is -10234220 - 131?
-10234401
In base 3, what is 111200021200 + 11?
111200021211
In base 10, what is -5967 - 7?
-5974
In base 13, what is -2 + 5ba3?
5ba1
In base 13, what is -6b2 + -14?
-6c6
In base 3, what is 1 + -2101221211?
-2101221210
In base 11, what is 280 - 4667?
-4397
In base 9, what is 105182 - -8?
105201
In base 2, what is 100 - -1110101011010111?
1110101011011011
In base 5, what is -10330 + 4?
-10321
In base 2, what is -100 - 1100000100101000?
-1100000100101100
In base 14, what is -230a + -2?
-230c
In base 10, what is -338 - 993?
-1331
In base 8, what is 1053 + -136?
715
In base 1